{"id":2167,"date":"2016-04-22T15:02:33","date_gmt":"2016-04-22T15:02:33","guid":{"rendered":"http:\/\/acs-aero.com\/?page_id=2167"},"modified":"2024-04-22T17:05:30","modified_gmt":"2024-04-22T15:05:30","slug":"varfor-ska-jag-bli-medlem","status":"publish","type":"page","link":"https:\/\/oldwww.aerospaceclustersweden.com\/core\/natverket-2\/varfor-ska-jag-bli-medlem\/","title":{"rendered":"Varf\u00f6r medlem?"},"content":{"rendered":"<ul>\n<li>\n<h4><strong><strong>Vi \u00e4r Sveriges mest intressanta sammanhang f\u00f6r innovation, utveckling och inspiration kring flyg- och rymdrelaterade fr\u00e5gor.<\/strong><\/strong><\/h4>\n<\/li>\n<li>\n<h4><strong><strong>Vi \u00e4r bron mellan forskning, f\u00f6retag och verksamheter inom flyg och rymd.<\/strong><\/strong><\/h4>\n<\/li>\n<li>\n<h4><strong>Vi skapar f\u00f6ruts\u00e4ttningar f\u00f6r tillv\u00e4xt och hj\u00e4lper v\u00e5ra medlemsf\u00f6retag att tillsammans skapa nya aff\u00e4rer regionalt, nationellt och internationellt.<\/strong><\/h4>\n<\/li>\n<\/ul>\n<p>&nbsp;<\/p>\n<p>Ingen farkost lyfter av sig sj\u00e4lvt. Det g\u00f6r inte s\u00e4rskilt m\u00e5nga f\u00f6retag heller. Framg\u00e5ng, handlar om samverkan. Link\u00f6ping \u00e4r sedan l\u00e4nge starkt f\u00f6rknippat med flyg. Det t\u00e4nker vi forts\u00e4tta vara. Vi ska inte bara f\u00f6lja den sp\u00e4nnande utveckling som p\u00e5g\u00e5r inom flyg och rymd \u2013 vi ska leda den, tillsammans.<\/p>\n<p>Aerospace Cluster Sweden \u00e4r en bro mellan forskning, f\u00f6retag och verksamheter inom flyg och rymd. Det kr\u00e4vs ett bra grundarbete, f\u00f6r att ta riktig h\u00f6jd. Mycket flygrelaterat arbete, utf\u00f6rs p\u00e5 marken. En l\u00e5ng kedja av m\u00e5nga olika kompetensl\u00e4nkar beh\u00f6vs f\u00f6r att f\u00e5 n\u00e5got att flyga. Precis s\u00e5 jobbar vi i klustret. I v\u00e5rt m\u00e5ngsidiga n\u00e4tverk m\u00f6ts skruvtillverkare, ber\u00e4kningstekniker, innovat\u00f6rer, flygoperat\u00f6rer och rymdforskare \u2013 ju fler vi blir desto starkare \u00e4r vi, tillsammans.<\/p>\n<p>Du erbjuds en plats i ett aktivt n\u00e4tverk med t\u00e4tt \u00e5terkommande tillf\u00e4llen f\u00f6r personliga m\u00f6ten. Du och ditt f\u00f6retag f\u00e5r del i forsknings- och utvecklingsprojekt, tillg\u00e5ng till rapporter och statistik, inbjudningar till n\u00e4tverksaktiviteter, konferenser och seminarier och m\u00f6jlighet att exponera f\u00f6retagets varum\u00e4rke vid konferenser, m\u00e4ssor och andra marknadsf\u00f6rande sammanhang.<\/p>\n<p>&nbsp;<\/p>\n<p>&nbsp;<\/p>\n","protected":false},"excerpt":{"rendered":"<p>Vi \u00e4r Sveriges mest intressanta sammanhang f\u00f6r innovation, utveckling och inspiration kring flyg- och rymdrelaterade fr\u00e5gor. Vi \u00e4r bron mellan forskning, f\u00f6retag och verksamheter inom flyg och rymd. Vi skapar f\u00f6ruts\u00e4ttningar f\u00f6r tillv\u00e4xt och hj\u00e4lper v\u00e5ra medlemsf\u00f6retag att tillsammans skapa nya aff\u00e4rer regionalt, nationellt och internationellt. &nbsp; Ingen farkost lyfter av sig sj\u00e4lvt. Det g\u00f6r [&hellip;]<\/p>\n","protected":false},"author":1,"featured_media":0,"parent":177,"menu_order":2,"comment_status":"closed","ping_status":"closed","template":"templates\/simple-page.php","meta":[],"_links":{"self":[{"href":"https:\/\/oldwww.aerospaceclustersweden.com\/core\/wp-json\/wp\/v2\/pages\/2167"}],"collection":[{"href":"https:\/\/oldwww.aerospaceclustersweden.com\/core\/wp-json\/wp\/v2\/pages"}],"about":[{"href":"https:\/\/oldwww.aerospaceclustersweden.com\/core\/wp-json\/wp\/v2\/types\/page"}],"author":[{"embeddable":true,"href":"https:\/\/oldwww.aerospaceclustersweden.com\/core\/wp-json\/wp\/v2\/users\/1"}],"replies":[{"embeddable":true,"href":"https:\/\/oldwww.aerospaceclustersweden.com\/core\/wp-json\/wp\/v2\/comments?post=2167"}],"version-history":[{"count":5,"href":"https:\/\/oldwww.aerospaceclustersweden.com\/core\/wp-json\/wp\/v2\/pages\/2167\/revisions"}],"predecessor-version":[{"id":5128,"href":"https:\/\/oldwww.aerospaceclustersweden.com\/core\/wp-json\/wp\/v2\/pages\/2167\/revisions\/5128"}],"up":[{"embeddable":true,"href":"https:\/\/oldwww.aerospaceclustersweden.com\/core\/wp-json\/wp\/v2\/pages\/177"}],"wp:attachment":[{"href":"https:\/\/oldwww.aerospaceclustersweden.com\/core\/wp-json\/wp\/v2\/media?parent=2167"}],"curies":[{"name":"wp","href":"https:\/\/api.w.org\/{rel}","templated":true}]}}