{"id":171,"date":"2016-01-18T13:01:39","date_gmt":"2016-01-18T13:01:39","guid":{"rendered":"http:\/\/acs-aero.com\/?page_id=171"},"modified":"2020-10-02T09:41:10","modified_gmt":"2020-10-02T09:41:10","slug":"logga-in","status":"publish","type":"page","link":"https:\/\/oldwww.aerospaceclustersweden.com\/core\/logga-in\/","title":{"rendered":"Logga in"},"content":{"rendered":"<p>Du en viktig del i arbetet med att st\u00e4rka v\u00e5ra aff\u00e4rsm\u00f6jligheter, attrahera talanger, driva p\u00e5 nya utbildningar, initiera ny forskning, delta i sp\u00e4nnande internationella samarbeten. Vi \u00e4r glada att ha dig med oss!<\/p>\n<p><strong><a href=\"http:\/\/acs-aero.com\/natverket\/vara-medlemmar\/\">Hitta kontakter<\/a><\/strong><br \/>\nH\u00e4r finns aktuella kontaktuppgifter till relevanta kontaktpersoner hos v\u00e5ra medlemsf\u00f6retag<\/p>\n<p><strong><a href=\"http:\/\/acs-aero.com\/natverket\/medlemsinfo\/\">Medlemsinfo<\/a><\/strong><br \/>\nH\u00e4r finns utvalda nyheter och information, endast f\u00f6r v\u00e5ra medlemmar.<\/p>\n","protected":false},"excerpt":{"rendered":"<p>Du en viktig del i arbetet med att st\u00e4rka v\u00e5ra aff\u00e4rsm\u00f6jligheter, attrahera talanger, driva p\u00e5 nya utbildningar, initiera ny forskning, delta i sp\u00e4nnande internationella samarbeten. Vi \u00e4r glada att ha dig med oss! Hitta kontakter H\u00e4r finns aktuella kontaktuppgifter till relevanta kontaktpersoner hos v\u00e5ra medlemsf\u00f6retag Medlemsinfo H\u00e4r finns utvalda nyheter och information, endast f\u00f6r v\u00e5ra [&hellip;]<\/p>\n","protected":false},"author":1,"featured_media":0,"parent":0,"menu_order":4,"comment_status":"closed","ping_status":"closed","template":"templates\/login.php","meta":[],"_links":{"self":[{"href":"https:\/\/oldwww.aerospaceclustersweden.com\/core\/wp-json\/wp\/v2\/pages\/171"}],"collection":[{"href":"https:\/\/oldwww.aerospaceclustersweden.com\/core\/wp-json\/wp\/v2\/pages"}],"about":[{"href":"https:\/\/oldwww.aerospaceclustersweden.com\/core\/wp-json\/wp\/v2\/types\/page"}],"author":[{"embeddable":true,"href":"https:\/\/oldwww.aerospaceclustersweden.com\/core\/wp-json\/wp\/v2\/users\/1"}],"replies":[{"embeddable":true,"href":"https:\/\/oldwww.aerospaceclustersweden.com\/core\/wp-json\/wp\/v2\/comments?post=171"}],"version-history":[{"count":5,"href":"https:\/\/oldwww.aerospaceclustersweden.com\/core\/wp-json\/wp\/v2\/pages\/171\/revisions"}],"predecessor-version":[{"id":2215,"href":"https:\/\/oldwww.aerospaceclustersweden.com\/core\/wp-json\/wp\/v2\/pages\/171\/revisions\/2215"}],"wp:attachment":[{"href":"https:\/\/oldwww.aerospaceclustersweden.com\/core\/wp-json\/wp\/v2\/media?parent=171"}],"curies":[{"name":"wp","href":"https:\/\/api.w.org\/{rel}","templated":true}]}}