{"id":169,"date":"2016-01-18T13:01:12","date_gmt":"2016-01-18T13:01:12","guid":{"rendered":"http:\/\/acs-aero.com\/?page_id=169"},"modified":"2020-10-02T09:14:35","modified_gmt":"2020-10-02T09:14:35","slug":"bli-medlem","status":"publish","type":"page","link":"https:\/\/oldwww.aerospaceclustersweden.com\/core\/natverket-2\/bli-medlem\/","title":{"rendered":"Bli medlem"},"content":{"rendered":"<h3><\/h3>\n<p>Vill du vara en del av ett bubblande kreativt kunskapsutbyte och knyta nationella och internationella kontakter som skapar tillv\u00e4xt och aff\u00e4rsm\u00f6jligheter inom flyg och rymd? Vill du ha hj\u00e4lp med att skapa nya aff\u00e4rer regionalt, nationellt och internationellt?<\/p>\n<p>D\u00e5 vill vi att du \u00e4r medlem hos oss.<\/p>\n<p>Kontakta <a href=\"https:\/\/oldwww.aerospaceclustersweden.com\/om-oss\/kontakt\/\">klusteransvariga<\/a> f\u00f6r mer information.<\/p>\n<p>&nbsp;<\/p>\n<p>&nbsp;<\/p>\n","protected":false},"excerpt":{"rendered":"<p>Vill du vara en del av ett bubblande kreativt kunskapsutbyte och knyta nationella och internationella kontakter som skapar tillv\u00e4xt och aff\u00e4rsm\u00f6jligheter inom flyg och rymd? Vill du ha hj\u00e4lp med att skapa nya aff\u00e4rer regionalt, nationellt och internationellt? D\u00e5 vill vi att du \u00e4r medlem hos oss. Kontakta klusteransvariga f\u00f6r mer information. &nbsp; &nbsp;<\/p>\n","protected":false},"author":1,"featured_media":0,"parent":177,"menu_order":3,"comment_status":"closed","ping_status":"closed","template":"templates\/simple-page.php","meta":[],"_links":{"self":[{"href":"https:\/\/oldwww.aerospaceclustersweden.com\/core\/wp-json\/wp\/v2\/pages\/169"}],"collection":[{"href":"https:\/\/oldwww.aerospaceclustersweden.com\/core\/wp-json\/wp\/v2\/pages"}],"about":[{"href":"https:\/\/oldwww.aerospaceclustersweden.com\/core\/wp-json\/wp\/v2\/types\/page"}],"author":[{"embeddable":true,"href":"https:\/\/oldwww.aerospaceclustersweden.com\/core\/wp-json\/wp\/v2\/users\/1"}],"replies":[{"embeddable":true,"href":"https:\/\/oldwww.aerospaceclustersweden.com\/core\/wp-json\/wp\/v2\/comments?post=169"}],"version-history":[{"count":6,"href":"https:\/\/oldwww.aerospaceclustersweden.com\/core\/wp-json\/wp\/v2\/pages\/169\/revisions"}],"predecessor-version":[{"id":2789,"href":"https:\/\/oldwww.aerospaceclustersweden.com\/core\/wp-json\/wp\/v2\/pages\/169\/revisions\/2789"}],"up":[{"embeddable":true,"href":"https:\/\/oldwww.aerospaceclustersweden.com\/core\/wp-json\/wp\/v2\/pages\/177"}],"wp:attachment":[{"href":"https:\/\/oldwww.aerospaceclustersweden.com\/core\/wp-json\/wp\/v2\/media?parent=169"}],"curies":[{"name":"wp","href":"https:\/\/api.w.org\/{rel}","templated":true}]}}